{"id":5390,"date":"2025-05-14T16:42:47","date_gmt":"2025-05-14T14:42:47","guid":{"rendered":"https:\/\/naturayculturatours.com\/?post_type=product&#038;p=5390"},"modified":"2025-10-29T14:03:06","modified_gmt":"2025-10-29T13:03:06","slug":"curs-evolucio-humana-upv-viatge-atapuerca-burgos-2024-copia-2","status":"publish","type":"product","link":"https:\/\/naturayculturatours.com\/val\/reservas\/curs-evolucio-humana-upv-viatge-atapuerca-burgos-2024-copia-2\/","title":{"rendered":"Curs Evoluci\u00f3 Humana UPV- Viatge ATAPUERCA BURGOS 2025"},"content":{"rendered":"\t\t<div data-elementor-type=\"wp-post\" data-elementor-id=\"5390\" class=\"elementor elementor-5390\" data-elementor-post-type=\"product\">\n\t\t\t\t\t\t<section class=\"elementor-section elementor-top-section elementor-element elementor-element-19cfea0 elementor-section-stretched pcont elementor-section-boxed elementor-section-height-default elementor-section-height-default\" data-id=\"19cfea0\" data-element_type=\"section\" id=\"pcont\" data-settings=\"{&quot;jet_parallax_layout_list&quot;:[{&quot;jet_parallax_layout_image&quot;:{&quot;url&quot;:&quot;&quot;,&quot;id&quot;:&quot;&quot;,&quot;size&quot;:&quot;&quot;},&quot;_id&quot;:&quot;7e8327b&quot;,&quot;jet_parallax_layout_speed&quot;:{&quot;unit&quot;:&quot;%&quot;,&quot;size&quot;:50,&quot;sizes&quot;:[]},&quot;jet_parallax_layout_image_tablet&quot;:{&quot;url&quot;:&quot;&quot;,&quot;id&quot;:&quot;&quot;,&quot;size&quot;:&quot;&quot;},&quot;jet_parallax_layout_image_mobile&quot;:{&quot;url&quot;:&quot;&quot;,&quot;id&quot;:&quot;&quot;,&quot;size&quot;:&quot;&quot;},&quot;jet_parallax_layout_type&quot;:&quot;scroll&quot;,&quot;jet_parallax_layout_direction&quot;:&quot;1&quot;,&quot;jet_parallax_layout_fx_direction&quot;:null,&quot;jet_parallax_layout_z_index&quot;:&quot;&quot;,&quot;jet_parallax_layout_bg_x&quot;:50,&quot;jet_parallax_layout_bg_x_tablet&quot;:&quot;&quot;,&quot;jet_parallax_layout_bg_x_mobile&quot;:&quot;&quot;,&quot;jet_parallax_layout_bg_y&quot;:50,&quot;jet_parallax_layout_bg_y_tablet&quot;:&quot;&quot;,&quot;jet_parallax_layout_bg_y_mobile&quot;:&quot;&quot;,&quot;jet_parallax_layout_bg_size&quot;:&quot;auto&quot;,&quot;jet_parallax_layout_bg_size_tablet&quot;:&quot;&quot;,&quot;jet_parallax_layout_bg_size_mobile&quot;:&quot;&quot;,&quot;jet_parallax_layout_animation_prop&quot;:&quot;transform&quot;,&quot;jet_parallax_layout_on&quot;:[&quot;desktop&quot;,&quot;tablet&quot;]}],&quot;stretch_section&quot;:&quot;section-stretched&quot;}\">\n\t\t\t\t\t\t<div class=\"elementor-container elementor-column-gap-default\">\n\t\t\t\t\t<div class=\"elementor-column elementor-col-100 elementor-top-column elementor-element elementor-element-0e972a9\" data-id=\"0e972a9\" data-element_type=\"column\">\n\t\t\t<div class=\"elementor-widget-wrap elementor-element-populated\">\n\t\t\t\t\t\t<section class=\"elementor-section elementor-inner-section elementor-element elementor-element-4bcfcc7 elementor-section-full_width pcontcol elementor-section-height-default elementor-section-height-default\" data-id=\"4bcfcc7\" data-element_type=\"section\" id=\"pcontcol\" data-settings=\"{&quot;jet_parallax_layout_list&quot;:[{&quot;jet_parallax_layout_image&quot;:{&quot;url&quot;:&quot;&quot;,&quot;id&quot;:&quot;&quot;,&quot;size&quot;:&quot;&quot;},&quot;_id&quot;:&quot;edc8c20&quot;,&quot;jet_parallax_layout_speed&quot;:{&quot;unit&quot;:&quot;%&quot;,&quot;size&quot;:50,&quot;sizes&quot;:[]},&quot;jet_parallax_layout_image_tablet&quot;:{&quot;url&quot;:&quot;&quot;,&quot;id&quot;:&quot;&quot;,&quot;size&quot;:&quot;&quot;},&quot;jet_parallax_layout_image_mobile&quot;:{&quot;url&quot;:&quot;&quot;,&quot;id&quot;:&quot;&quot;,&quot;size&quot;:&quot;&quot;},&quot;jet_parallax_layout_type&quot;:&quot;scroll&quot;,&quot;jet_parallax_layout_direction&quot;:&quot;1&quot;,&quot;jet_parallax_layout_fx_direction&quot;:null,&quot;jet_parallax_layout_z_index&quot;:&quot;&quot;,&quot;jet_parallax_layout_bg_x&quot;:50,&quot;jet_parallax_layout_bg_x_tablet&quot;:&quot;&quot;,&quot;jet_parallax_layout_bg_x_mobile&quot;:&quot;&quot;,&quot;jet_parallax_layout_bg_y&quot;:50,&quot;jet_parallax_layout_bg_y_tablet&quot;:&quot;&quot;,&quot;jet_parallax_layout_bg_y_mobile&quot;:&quot;&quot;,&quot;jet_parallax_layout_bg_size&quot;:&quot;auto&quot;,&quot;jet_parallax_layout_bg_size_tablet&quot;:&quot;&quot;,&quot;jet_parallax_layout_bg_size_mobile&quot;:&quot;&quot;,&quot;jet_parallax_layout_animation_prop&quot;:&quot;transform&quot;,&quot;jet_parallax_layout_on&quot;:[&quot;desktop&quot;,&quot;tablet&quot;]}]}\">\n\t\t\t\t\t\t<div class=\"elementor-container elementor-column-gap-default\">\n\t\t\t\t\t<div class=\"elementor-column elementor-col-50 elementor-inner-column elementor-element elementor-element-b7f9aa3\" data-id=\"b7f9aa3\" data-element_type=\"column\">\n\t\t\t<div class=\"elementor-widget-wrap elementor-element-populated\">\n\t\t\t\t\t\t<div class=\"elementor-element elementor-element-7530ef5 elementor-widget elementor-widget-heading\" data-id=\"7530ef5\" data-element_type=\"widget\" data-widget_type=\"heading.default\">\n\t\t\t\t<div class=\"elementor-widget-container\">\n\t\t\t\t\t<h2 class=\"elementor-heading-title elementor-size-default\"><pre id=\"tw-target-text\" class=\"tw-data-text tw-text-large tw-ta\" dir=\"ltr\" data-placeholder=\"Traducci\u00f3n\" aria-label=\"Texto traducido\" data-ved=\"2ahUKEwjOqPq6iNiGAxVmBtsEHYABAyQQ3ewLegQICBAU\"><span class=\"Y2IQFc\" lang=\"ca\">HORA DE SORTIDA I PUNT DE TROBADA<\/span><\/pre><\/h2>\t\t\t\t<\/div>\n\t\t\t\t<\/div>\n\t\t\t\t<div class=\"elementor-element elementor-element-04e0276 pcol1 elementor-widget elementor-widget-text-editor\" data-id=\"04e0276\" data-element_type=\"widget\" data-widget_type=\"text-editor.default\">\n\t\t\t\t<div class=\"elementor-widget-container\">\n\t\t\t\t\t\t\t\t\t<p><strong>\u00a0HORARI D&#8217;ACC\u00c9S A L&#8217;AUTOB\u00daS A LES 06.45 \u2013 07.00 h.<\/strong><\/p>\n<ul>\n<li>L&#8217;autob\u00fas eixir\u00e0 del punt de trobada a l&#8217;hora prevista. Per raons de programaci\u00f3 no podr\u00e0 esperar a persones que es retarden.<\/li>\n<li>Els seients no van numerats, si alg\u00fa t\u00e9 alguna necessitat especial se li assignar\u00e0 solid\u00e0riament l&#8217;agafant m\u00e9s apropiat.<\/li>\n<li>Es recomana roba d&#8217;abric perqu\u00e8 a Burgos fa fred, en particular a les nits.<\/li>\n<li>Cal\u00e7at i roba c\u00f2moda.<\/li>\n<li>Quedarem en el PUNT DE TROBADA N\u00fam. 13 al costat de la porta d&#8217;acc\u00e9s P que est\u00e0 al costat de l&#8217;edifici on donem les classes d&#8217;Evoluci\u00f3 Humana i Medi Ambient (VEURE PLA i IMATGES), en cas de dubte reviseu.<\/li>\n<\/ul>\n\t\t\t\t\t\t\t\t<\/div>\n\t\t\t\t<\/div>\n\t\t\t\t<div class=\"elementor-element elementor-element-6ddf8e3 elementor-widget elementor-widget-image\" data-id=\"6ddf8e3\" data-element_type=\"widget\" data-widget_type=\"image.default\">\n\t\t\t\t<div class=\"elementor-widget-container\">\n\t\t\t\t\t\t\t\t\t\t\t\t\t\t\t<img fetchpriority=\"high\" decoding=\"async\" width=\"964\" height=\"807\" src=\"https:\/\/naturayculturatours.com\/wp-content\/uploads\/2024\/06\/putnoencuentro.png\" class=\"attachment-large size-large wp-image-5288\" alt=\"\" srcset=\"https:\/\/naturayculturatours.com\/wp-content\/uploads\/2024\/06\/putnoencuentro.png 964w, https:\/\/naturayculturatours.com\/wp-content\/uploads\/2024\/06\/putnoencuentro-300x251.png 300w, https:\/\/naturayculturatours.com\/wp-content\/uploads\/2024\/06\/putnoencuentro-768x643.png 768w, https:\/\/naturayculturatours.com\/wp-content\/uploads\/2024\/06\/putnoencuentro-600x502.png 600w\" sizes=\"(max-width: 964px) 100vw, 964px\" \/>\t\t\t\t\t\t\t\t\t\t\t\t\t\t\t<\/div>\n\t\t\t\t<\/div>\n\t\t\t\t<div class=\"elementor-element elementor-element-8283c8e elementor-widget elementor-widget-heading\" data-id=\"8283c8e\" data-element_type=\"widget\" data-widget_type=\"heading.default\">\n\t\t\t\t<div class=\"elementor-widget-container\">\n\t\t\t\t\t<h2 class=\"elementor-heading-title elementor-size-default\">QU\u00c8 INCLOU?<\/h2>\t\t\t\t<\/div>\n\t\t\t\t<\/div>\n\t\t\t\t<div class=\"elementor-element elementor-element-04d44c6 pcol2 elementor-widget elementor-widget-text-editor\" data-id=\"04d44c6\" data-element_type=\"widget\" id=\"pcol2\" data-widget_type=\"text-editor.default\">\n\t\t\t\t<div class=\"elementor-widget-container\">\n\t\t\t\t\t\t\t\t\t<ul>\n<li>Autob\u00fas en tots els trajectes.<\/li>\n<li>Allotjament <strong>Hotel **** Porta de Burgos<\/strong>, preu per persona en habitaci\u00f3 doble i desdejune bufet 2 dies.<\/li>\n<li>Visita a Museu de l&#8217;Evoluci\u00f3, Jaciments i Parc Arqueol\u00f2gic *CAREX.<\/li>\n<li>Menjades dia 27 en Restaurant *Lis 2 de Lerma; dia 28 en restaurant \u201cEls Clavells\u201d.<\/li>\n<li>2 guies acompanyant de Natura i Cultura durant tot el trajecte.<\/li>\n<li>Visita guiada pobles camine Santiago i Monestir Rom\u00e0nic Sant Joan d&#8217;Ortega.<\/li>\n<li>Visita guiada barri antic i catedral (guia oficial de Burgos) + Entrada a la catedral.<\/li>\n<li>Segur de Viatge.<\/li>\n<li>Coordinacions i gestions.<\/li>\n<\/ul>\n\t\t\t\t\t\t\t\t<\/div>\n\t\t\t\t<\/div>\n\t\t\t\t\t<\/div>\n\t\t<\/div>\n\t\t\t\t<div class=\"elementor-column elementor-col-50 elementor-inner-column elementor-element elementor-element-88c7057\" data-id=\"88c7057\" data-element_type=\"column\">\n\t\t\t<div class=\"elementor-widget-wrap elementor-element-populated\">\n\t\t\t\t\t\t<div class=\"elementor-element elementor-element-2d6e4a2 elementor-widget elementor-widget-heading\" data-id=\"2d6e4a2\" data-element_type=\"widget\" data-widget_type=\"heading.default\">\n\t\t\t\t<div class=\"elementor-widget-container\">\n\t\t\t\t\t<h2 class=\"elementor-heading-title elementor-size-default\">PROGRAMA<\/h2>\t\t\t\t<\/div>\n\t\t\t\t<\/div>\n\t\t\t\t<div class=\"elementor-element elementor-element-42024f8 pcol1 elementor-widget elementor-widget-text-editor\" data-id=\"42024f8\" data-element_type=\"widget\" id=\"pcol1\" data-widget_type=\"text-editor.default\">\n\t\t\t\t<div class=\"elementor-widget-container\">\n\t\t\t\t\t\t\t\t\t<p>Grup: Curse Evoluci\u00f3 Humana UPV<\/p>\n<p>Programa: 27 al 29 de setembre de 2024<\/p>\n<p><strong>Divendres 13 Juny<\/strong><\/p>\n<p>07.00 h. Eixida des d&#8217;UPV (menjar en ruta en el Restaurant *Lis 2 en Lerma).<\/p>\n<p>16.00 h. Arribada i allotjament (aproximadament).<\/p>\n<p>17.45 h. Visita guiada al museu de l&#8217;Evoluci\u00f3.<\/p>\n<p>20.00 h. Fi visita museu i temps lliure (a hora convinguda, sopar en grups en barri antic).<\/p>\n<p><strong>Dissabte 14 de Juny<\/strong><\/p>\n<p>09.00 h. Eixida cap a a la zona arqueol\u00f2gica.<\/p>\n<p>09.45 h. Visita guiada a exposici\u00f3 en Centre Visitants i als jaciments.<\/p>\n<p>11.45 h. Activitats al Parc Arqueol\u00f2gic.<\/p>\n<p>14.30 h. Menjar en restaurant \u201cEls Clavells\u201d.<\/p>\n<p>16.30 h. Visita guiada a l&#8217;entorn (pobles i paisatge del Cam\u00ed Santiago: *Ag\u00e9s &amp; Rom\u00e0nic, Sant Joan d&#8217;Ortega).<\/p>\n<p>18.00 h. Retorn a Burgos.<\/p>\n<p>18.45 h. Arribada a l&#8217;hotel i temps lliure<\/p>\n<p>21.00 h. Sopar lliure en grups en barri antic.<\/p>\n<p><strong>Diumenge 15 de Juny<\/strong><\/p>\n<p>09.00 h. Vista panor\u00e0mica i vista guiada a la Catedral de Burgos.<\/p>\n<p>12.30 h. Retorn a Val\u00e8ncia (menjar lliure en ruta).<\/p>\n<p>21.00 h. Arribada a lloc d&#8217;origen.<\/p>\n\t\t\t\t\t\t\t\t<\/div>\n\t\t\t\t<\/div>\n\t\t\t\t<div class=\"elementor-element elementor-element-e3beb84 elementor-widget elementor-widget-heading\" data-id=\"e3beb84\" data-element_type=\"widget\" data-widget_type=\"heading.default\">\n\t\t\t\t<div class=\"elementor-widget-container\">\n\t\t\t\t\t<h2 class=\"elementor-heading-title elementor-size-default\">RESERVES I CANCELACIONS<\/h2>\t\t\t\t<\/div>\n\t\t\t\t<\/div>\n\t\t\t\t<div class=\"elementor-element elementor-element-fa4432a pcol2 elementor-widget elementor-widget-text-editor\" data-id=\"fa4432a\" data-element_type=\"widget\" data-widget_type=\"text-editor.default\">\n\t\t\t\t<div class=\"elementor-widget-container\">\n\t\t\t\t\t\t\t\t\t<p>No inclou:<\/p>\n<p>Sopars i menjar de retorn<\/p>\n<p>Entrada al Museu de l&#8217;Evoluci\u00f3 (s&#8217;ha descomptat del preu original).<\/p>\n<p>Condicions i cancel\u00b7lacions:<\/p>\n<p>Cancel\u00b7lacions entre 60 dies i 20 dies abans de l&#8217;arribada es factura un 5%<\/p>\n<p>Cancel\u00b7lacions entre 20 dies i 4 dies abans de l&#8217;arribada es factura un 50%<\/p>\n<p>Cancel\u00b7lacions dins dels tres dies abans de l&#8217;arribada es factura un 100%<\/p>\n<p>INTENTEM BUSCAR SUPL\u00c8NCIA EN CAS DE BAIXA i es reembossa el 100% si \u00e9s el cas.<\/p>\n\t\t\t\t\t\t\t\t<\/div>\n\t\t\t\t<\/div>\n\t\t\t\t\t<\/div>\n\t\t<\/div>\n\t\t\t\t\t<\/div>\n\t\t<\/section>\n\t\t\t\t\t<\/div>\n\t\t<\/div>\n\t\t\t\t\t<\/div>\n\t\t<\/section>\n\t\t\t\t<\/div>\n\t\t","protected":false},"excerpt":{"rendered":"<p><span style=\"font-size: 18px;\"><strong>Fechas:<\/strong> 27 al 29 de setembre de 2024 \u00a0<\/span><\/p>\n<pre id=\"tw-target-text\" class=\"tw-data-text tw-text-large tw-ta\" dir=\"ltr\" data-placeholder=\"Traducci\u00f3n\" aria-label=\"Texto traducido\" data-ved=\"2ahUKEwjOqPq6iNiGAxVmBtsEHYABAyQQ3ewLegQICBAU\"><span class=\"Y2IQFc\" lang=\"ca\">Entrades museu evoluci\u00f3, jaciments i parc arqueol\u00f2gic amb allotjament de 2 nits i 2 esmorzars. Aprofita per visitar aquests punts tan interessants de la nostra geografia juntament amb uns guies especialitzats en turisme cultural i sostenible (*Subjecte a completar el m\u00ednim necessari per a la realitzaci\u00f3 de 40 participants)\r\n\r\nPreu refer\u00e8ncia per persona en habitaci\u00f3 doble: 348 \u20ac (dues persones 696 \u20ac)\r\n\r\nPreu refer\u00e8ncia per persona en habitaci\u00f3 individual: 428 \u20ac\r\n\r\nS'han descomptat els 4 \u20ac de l'entrada al Museu de l'Evoluci\u00f3 Humana, que cadasc\u00fa haur\u00e0 de pagar al museu llevat dels Jubilats o pensionistes o altres hauran de portar el document acreditatiu v\u00e0lid per a l'entrada gratu\u00efta.<\/span><\/pre>\n","protected":false},"featured_media":2649,"template":"","meta":[],"product_brand":[],"product_cat":[200,201,80],"product_tag":[202,203],"class_list":{"0":"post-5390","1":"product","2":"type-product","3":"status-publish","4":"has-post-thumbnail","6":"product_cat-cultural-val","7":"product_cat-historia-val","8":"product_cat-viatges","9":"product_tag-atapuerca-val","10":"product_tag-senior-val","12":"first","13":"instock","14":"taxable","15":"shipping-taxable","16":"purchasable","17":"product-type-simple"},"yoast_head":"<!-- This site is optimized with the Yoast SEO plugin v25.8 - https:\/\/yoast.com\/wordpress\/plugins\/seo\/ -->\n<title>Curs Evoluci\u00f3 Humana UPV- Viatge ATAPUERCA BURGOS 2025 - Natura y Cultura Tours<\/title>\n<meta name=\"robots\" content=\"index, follow, max-snippet:-1, max-image-preview:large, max-video-preview:-1\" \/>\n<link rel=\"canonical\" href=\"https:\/\/naturayculturatours.com\/val\/reservas\/curs-evolucio-humana-upv-viatge-atapuerca-burgos-2024-copia-2\/\" \/>\n<meta property=\"og:locale\" content=\"en_US\" \/>\n<meta property=\"og:type\" content=\"article\" \/>\n<meta property=\"og:title\" content=\"Curs Evoluci\u00f3 Humana UPV- Viatge ATAPUERCA BURGOS 2025 - Natura y Cultura Tours\" \/>\n<meta property=\"og:description\" content=\"Fechas: 27 al 29 de setembre de 2024 \u00a0 Entrades museu evoluci\u00f3, jaciments i parc arqueol\u00f2gic amb allotjament de 2 nits i 2 esmorzars. Aprofita per visitar aquests punts tan interessants de la nostra geografia juntament amb uns guies especialitzats en turisme cultural i sostenible (*Subjecte a completar el m\u00ednim necessari per a la realitzaci\u00f3 de 40 participants)  Preu refer\u00e8ncia per persona en habitaci\u00f3 doble: 348 \u20ac (dues persones 696 \u20ac)  Preu refer\u00e8ncia per persona en habitaci\u00f3 individual: 428 \u20ac  S&#039;han descomptat els 4 \u20ac de l&#039;entrada al Museu de l&#039;Evoluci\u00f3 Humana, que cadasc\u00fa haur\u00e0 de pagar al museu llevat dels Jubilats o pensionistes o altres hauran de portar el document acreditatiu v\u00e0lid per a l&#039;entrada gratu\u00efta.\" \/>\n<meta property=\"og:url\" content=\"https:\/\/naturayculturatours.com\/val\/reservas\/curs-evolucio-humana-upv-viatge-atapuerca-burgos-2024-copia-2\/\" \/>\n<meta property=\"og:site_name\" content=\"Natura y Cultura Tours\" \/>\n<meta property=\"article:modified_time\" content=\"2025-10-29T13:03:06+00:00\" \/>\n<meta property=\"og:image\" content=\"https:\/\/naturayculturatours.com\/wp-content\/uploads\/2018\/10\/1448567844.jpg\" \/>\n\t<meta property=\"og:image:width\" content=\"800\" \/>\n\t<meta property=\"og:image:height\" content=\"597\" \/>\n\t<meta property=\"og:image:type\" content=\"image\/jpeg\" \/>\n<meta name=\"twitter:card\" content=\"summary_large_image\" \/>\n<meta name=\"twitter:label1\" content=\"Est. reading time\" \/>\n\t<meta name=\"twitter:data1\" content=\"2 minutes\" \/>\n<script type=\"application\/ld+json\" class=\"yoast-schema-graph\">{\"@context\":\"https:\/\/schema.org\",\"@graph\":[{\"@type\":\"WebPage\",\"@id\":\"https:\/\/naturayculturatours.com\/val\/reservas\/curs-evolucio-humana-upv-viatge-atapuerca-burgos-2024-copia-2\/\",\"url\":\"https:\/\/naturayculturatours.com\/val\/reservas\/curs-evolucio-humana-upv-viatge-atapuerca-burgos-2024-copia-2\/\",\"name\":\"Curs Evoluci\u00f3 Humana UPV- Viatge ATAPUERCA BURGOS 2025 - Natura y Cultura Tours\",\"isPartOf\":{\"@id\":\"https:\/\/naturayculturatours.com\/#website\"},\"primaryImageOfPage\":{\"@id\":\"https:\/\/naturayculturatours.com\/val\/reservas\/curs-evolucio-humana-upv-viatge-atapuerca-burgos-2024-copia-2\/#primaryimage\"},\"image\":{\"@id\":\"https:\/\/naturayculturatours.com\/val\/reservas\/curs-evolucio-humana-upv-viatge-atapuerca-burgos-2024-copia-2\/#primaryimage\"},\"thumbnailUrl\":\"https:\/\/naturayculturatours.com\/wp-content\/uploads\/2018\/10\/1448567844.jpg\",\"datePublished\":\"2025-05-14T14:42:47+00:00\",\"dateModified\":\"2025-10-29T13:03:06+00:00\",\"breadcrumb\":{\"@id\":\"https:\/\/naturayculturatours.com\/val\/reservas\/curs-evolucio-humana-upv-viatge-atapuerca-burgos-2024-copia-2\/#breadcrumb\"},\"inLanguage\":\"val\",\"potentialAction\":[{\"@type\":\"ReadAction\",\"target\":[\"https:\/\/naturayculturatours.com\/val\/reservas\/curs-evolucio-humana-upv-viatge-atapuerca-burgos-2024-copia-2\/\"]}]},{\"@type\":\"ImageObject\",\"inLanguage\":\"val\",\"@id\":\"https:\/\/naturayculturatours.com\/val\/reservas\/curs-evolucio-humana-upv-viatge-atapuerca-burgos-2024-copia-2\/#primaryimage\",\"url\":\"https:\/\/naturayculturatours.com\/wp-content\/uploads\/2018\/10\/1448567844.jpg\",\"contentUrl\":\"https:\/\/naturayculturatours.com\/wp-content\/uploads\/2018\/10\/1448567844.jpg\",\"width\":800,\"height\":597},{\"@type\":\"BreadcrumbList\",\"@id\":\"https:\/\/naturayculturatours.com\/val\/reservas\/curs-evolucio-humana-upv-viatge-atapuerca-burgos-2024-copia-2\/#breadcrumb\",\"itemListElement\":[{\"@type\":\"ListItem\",\"position\":1,\"name\":\"Portada\",\"item\":\"https:\/\/naturayculturatours.com\/val\/\"},{\"@type\":\"ListItem\",\"position\":2,\"name\":\"Shop\",\"item\":\"https:\/\/naturayculturatours.com\/val\/tenda\/\"},{\"@type\":\"ListItem\",\"position\":3,\"name\":\"Curs Evoluci\u00f3 Humana UPV- Viatge ATAPUERCA BURGOS 2025\"}]},{\"@type\":\"WebSite\",\"@id\":\"https:\/\/naturayculturatours.com\/#website\",\"url\":\"https:\/\/naturayculturatours.com\/\",\"name\":\"Natura y Cultura Tours\",\"description\":\"Turismo responsable\",\"publisher\":{\"@id\":\"https:\/\/naturayculturatours.com\/#organization\"},\"potentialAction\":[{\"@type\":\"SearchAction\",\"target\":{\"@type\":\"EntryPoint\",\"urlTemplate\":\"https:\/\/naturayculturatours.com\/?s={search_term_string}\"},\"query-input\":{\"@type\":\"PropertyValueSpecification\",\"valueRequired\":true,\"valueName\":\"search_term_string\"}}],\"inLanguage\":\"val\"},{\"@type\":\"Organization\",\"@id\":\"https:\/\/naturayculturatours.com\/#organization\",\"name\":\"Natura y Cultura Tours\",\"url\":\"https:\/\/naturayculturatours.com\/\",\"logo\":{\"@type\":\"ImageObject\",\"inLanguage\":\"val\",\"@id\":\"https:\/\/naturayculturatours.com\/#\/schema\/logo\/image\/\",\"url\":\"https:\/\/naturayculturatours.com\/wp-content\/uploads\/2025\/10\/cropped-Logo-nYc-pequeno.png\",\"contentUrl\":\"https:\/\/naturayculturatours.com\/wp-content\/uploads\/2025\/10\/cropped-Logo-nYc-pequeno.png\",\"width\":300,\"height\":115,\"caption\":\"Natura y Cultura Tours\"},\"image\":{\"@id\":\"https:\/\/naturayculturatours.com\/#\/schema\/logo\/image\/\"}}]}<\/script>\n<!-- \/ Yoast SEO plugin. -->","yoast_head_json":{"title":"Curs Evoluci\u00f3 Humana UPV- Viatge ATAPUERCA BURGOS 2025 - Natura y Cultura Tours","robots":{"index":"index","follow":"follow","max-snippet":"max-snippet:-1","max-image-preview":"max-image-preview:large","max-video-preview":"max-video-preview:-1"},"canonical":"https:\/\/naturayculturatours.com\/val\/reservas\/curs-evolucio-humana-upv-viatge-atapuerca-burgos-2024-copia-2\/","og_locale":"en_US","og_type":"article","og_title":"Curs Evoluci\u00f3 Humana UPV- Viatge ATAPUERCA BURGOS 2025 - Natura y Cultura Tours","og_description":"Fechas: 27 al 29 de setembre de 2024 \u00a0 Entrades museu evoluci\u00f3, jaciments i parc arqueol\u00f2gic amb allotjament de 2 nits i 2 esmorzars. Aprofita per visitar aquests punts tan interessants de la nostra geografia juntament amb uns guies especialitzats en turisme cultural i sostenible (*Subjecte a completar el m\u00ednim necessari per a la realitzaci\u00f3 de 40 participants)  Preu refer\u00e8ncia per persona en habitaci\u00f3 doble: 348 \u20ac (dues persones 696 \u20ac)  Preu refer\u00e8ncia per persona en habitaci\u00f3 individual: 428 \u20ac  S'han descomptat els 4 \u20ac de l'entrada al Museu de l'Evoluci\u00f3 Humana, que cadasc\u00fa haur\u00e0 de pagar al museu llevat dels Jubilats o pensionistes o altres hauran de portar el document acreditatiu v\u00e0lid per a l'entrada gratu\u00efta.","og_url":"https:\/\/naturayculturatours.com\/val\/reservas\/curs-evolucio-humana-upv-viatge-atapuerca-burgos-2024-copia-2\/","og_site_name":"Natura y Cultura Tours","article_modified_time":"2025-10-29T13:03:06+00:00","og_image":[{"width":800,"height":597,"url":"https:\/\/naturayculturatours.com\/wp-content\/uploads\/2018\/10\/1448567844.jpg","type":"image\/jpeg"}],"twitter_card":"summary_large_image","twitter_misc":{"Est. reading time":"2 minutes"},"schema":{"@context":"https:\/\/schema.org","@graph":[{"@type":"WebPage","@id":"https:\/\/naturayculturatours.com\/val\/reservas\/curs-evolucio-humana-upv-viatge-atapuerca-burgos-2024-copia-2\/","url":"https:\/\/naturayculturatours.com\/val\/reservas\/curs-evolucio-humana-upv-viatge-atapuerca-burgos-2024-copia-2\/","name":"Curs Evoluci\u00f3 Humana UPV- Viatge ATAPUERCA BURGOS 2025 - Natura y Cultura Tours","isPartOf":{"@id":"https:\/\/naturayculturatours.com\/#website"},"primaryImageOfPage":{"@id":"https:\/\/naturayculturatours.com\/val\/reservas\/curs-evolucio-humana-upv-viatge-atapuerca-burgos-2024-copia-2\/#primaryimage"},"image":{"@id":"https:\/\/naturayculturatours.com\/val\/reservas\/curs-evolucio-humana-upv-viatge-atapuerca-burgos-2024-copia-2\/#primaryimage"},"thumbnailUrl":"https:\/\/naturayculturatours.com\/wp-content\/uploads\/2018\/10\/1448567844.jpg","datePublished":"2025-05-14T14:42:47+00:00","dateModified":"2025-10-29T13:03:06+00:00","breadcrumb":{"@id":"https:\/\/naturayculturatours.com\/val\/reservas\/curs-evolucio-humana-upv-viatge-atapuerca-burgos-2024-copia-2\/#breadcrumb"},"inLanguage":"val","potentialAction":[{"@type":"ReadAction","target":["https:\/\/naturayculturatours.com\/val\/reservas\/curs-evolucio-humana-upv-viatge-atapuerca-burgos-2024-copia-2\/"]}]},{"@type":"ImageObject","inLanguage":"val","@id":"https:\/\/naturayculturatours.com\/val\/reservas\/curs-evolucio-humana-upv-viatge-atapuerca-burgos-2024-copia-2\/#primaryimage","url":"https:\/\/naturayculturatours.com\/wp-content\/uploads\/2018\/10\/1448567844.jpg","contentUrl":"https:\/\/naturayculturatours.com\/wp-content\/uploads\/2018\/10\/1448567844.jpg","width":800,"height":597},{"@type":"BreadcrumbList","@id":"https:\/\/naturayculturatours.com\/val\/reservas\/curs-evolucio-humana-upv-viatge-atapuerca-burgos-2024-copia-2\/#breadcrumb","itemListElement":[{"@type":"ListItem","position":1,"name":"Portada","item":"https:\/\/naturayculturatours.com\/val\/"},{"@type":"ListItem","position":2,"name":"Shop","item":"https:\/\/naturayculturatours.com\/val\/tenda\/"},{"@type":"ListItem","position":3,"name":"Curs Evoluci\u00f3 Humana UPV- Viatge ATAPUERCA BURGOS 2025"}]},{"@type":"WebSite","@id":"https:\/\/naturayculturatours.com\/#website","url":"https:\/\/naturayculturatours.com\/","name":"Natura y Cultura Tours","description":"Turismo responsable","publisher":{"@id":"https:\/\/naturayculturatours.com\/#organization"},"potentialAction":[{"@type":"SearchAction","target":{"@type":"EntryPoint","urlTemplate":"https:\/\/naturayculturatours.com\/?s={search_term_string}"},"query-input":{"@type":"PropertyValueSpecification","valueRequired":true,"valueName":"search_term_string"}}],"inLanguage":"val"},{"@type":"Organization","@id":"https:\/\/naturayculturatours.com\/#organization","name":"Natura y Cultura Tours","url":"https:\/\/naturayculturatours.com\/","logo":{"@type":"ImageObject","inLanguage":"val","@id":"https:\/\/naturayculturatours.com\/#\/schema\/logo\/image\/","url":"https:\/\/naturayculturatours.com\/wp-content\/uploads\/2025\/10\/cropped-Logo-nYc-pequeno.png","contentUrl":"https:\/\/naturayculturatours.com\/wp-content\/uploads\/2025\/10\/cropped-Logo-nYc-pequeno.png","width":300,"height":115,"caption":"Natura y Cultura Tours"},"image":{"@id":"https:\/\/naturayculturatours.com\/#\/schema\/logo\/image\/"}}]}},"_links":{"self":[{"href":"https:\/\/naturayculturatours.com\/val\/wp-json\/wp\/v2\/product\/5390","targetHints":{"allow":["GET"]}}],"collection":[{"href":"https:\/\/naturayculturatours.com\/val\/wp-json\/wp\/v2\/product"}],"about":[{"href":"https:\/\/naturayculturatours.com\/val\/wp-json\/wp\/v2\/types\/product"}],"version-history":[{"count":2,"href":"https:\/\/naturayculturatours.com\/val\/wp-json\/wp\/v2\/product\/5390\/revisions"}],"predecessor-version":[{"id":5402,"href":"https:\/\/naturayculturatours.com\/val\/wp-json\/wp\/v2\/product\/5390\/revisions\/5402"}],"wp:featuredmedia":[{"embeddable":true,"href":"https:\/\/naturayculturatours.com\/val\/wp-json\/wp\/v2\/media\/2649"}],"wp:attachment":[{"href":"https:\/\/naturayculturatours.com\/val\/wp-json\/wp\/v2\/media?parent=5390"}],"wp:term":[{"taxonomy":"product_brand","embeddable":true,"href":"https:\/\/naturayculturatours.com\/val\/wp-json\/wp\/v2\/product_brand?post=5390"},{"taxonomy":"product_cat","embeddable":true,"href":"https:\/\/naturayculturatours.com\/val\/wp-json\/wp\/v2\/product_cat?post=5390"},{"taxonomy":"product_tag","embeddable":true,"href":"https:\/\/naturayculturatours.com\/val\/wp-json\/wp\/v2\/product_tag?post=5390"}],"curies":[{"name":"wp","href":"https:\/\/api.w.org\/{rel}","templated":true}]}}